 prime?
True
Is 432290938 composite?
True
Is 32668870209 a prime number?
False
Is 169352747 a composite number?
True
Is 5738682217 a prime number?
True
Is 786962309 a composite number?
True
Is 761603407 composite?
False
Is 22765890593 a prime number?
True
Is 1115001101 composite?
False
Is 25777728815 a prime number?
False
Is 3601629587 a composite number?
True
Is 1933604969 prime?
True
Is 1046095499 a prime number?
False
Is 216314413 prime?
False
Is 10162201351 composite?
False
Is 2886009079 a composite number?
False
Is 566826313 a composite number?
False
Is 20213182235 a composite number?
True
Is 1511973683 a prime number?
False
Is 23876612449 a prime number?
False
Is 10938031969 composite?
False
Is 10742373883 composite?
False
Is 12908334401 a composite number?
False
Is 2050667911 a composite number?
False
Is 16428777047 a composite number?
False
Is 1362879107 a composite number?
False
Is 311826703 a prime number?
True
Is 16049087017 a composite number?
True
Is 1100061289 prime?
True
Is 3462921115 prime?
False
Is 6075194657 a composite number?
True
Is 163295453 prime?
False
Is 22158851849 a prime number?
False
Is 118850089 a prime number?
True
Is 32097133 composite?
True
Is 87304170017 composite?
True
Is 631834601 a composite number?
True
Is 9048489283 a composite number?
False
Is 4155242977 a prime number?
True
Is 3091001747 a composite number?
False
Is 1168000501 a composite number?
True
Is 923384866 prime?
False
Is 1286874569 a composite number?
False
Is 428256797 a prime number?
True
Is 218695487009 prime?
True
Is 16876360957 prime?
False
Is 1339318931 a composite number?
True
Is 4954146661 prime?
True
Is 129215293 a prime number?
False
Is 2765550779 a composite number?
True
Is 5041095799 a composite number?
True
Is 124845869 a composite number?
False
Is 109527520637 composite?
True
Is 6859087429 composite?
False
Is 2152637497 prime?
False
Is 78148457869 prime?
True
Is 14114976041 a prime number?
True
Is 50223123785 a prime number?
False
Is 694437347 composite?
False
Is 4175196353 composite?
False
Is 14124760649 a prime number?
False
Is 17007892853 a prime number?
False
Is 303180347 a prime number?
True
Is 5160996706 prime?
False
Is 10519885385 a prime number?
False
Is 439663001 a composite number?
True
Is 753415907 composite?
True
Is 46444074569 composite?
True
Is 7018009763 prime?
True
Is 878572258 prime?
False
Is 99493698509 prime?
False
Is 2786455961 a composite number?
False
Is 54618432047 composite?
False
Is 281648569 prime?
True
Is 193397122861 a composite number?
False
Is 1937581279 prime?
True
Is 11416332929 prime?
False
Is 26951236919 a composite number?
True
Is 757029019 a composite number?
False
Is 4094289211 a composite number?
False
Is 77915659441 composite?
True
Is 26781649 a composite number?
False
Is 53570120179 prime?
True
Is 7654360603 prime?
True
Is 87876043249 prime?
False
Is 388768111 a composite number?
False
Is 521631403 composite?
True
Is 520373369 composite?
False
Is 2668249891 a prime number?
False
Is 89943110377 a prime number?
False
Is 1485058811 a composite number?
True
Is 3039971413 a composite number?
False
Is 45005990059 prime?
True
Is 2321236451 prime?
True
Is 31686580309 composite?
False
Is 5702888053 a prime number?
True
Is 69119528605 composite?
True
Is 1358431051 a composite number?
False
Is 851316541 a prime number?
True
Is 12217417181 a composite number?
False
Is 316845461 composite?
False
Is 6332849 prime?
True
Is 150124300951 a prime number?
True
Is 390423983 composite?
True
Is 244902467 prime?
True
Is 388178027 composite?
False
Is 16464122921 prime?
True
Is 97739915167 composite?
True
Is 61723603 composite?
False
Is 9306426401 prime?
False
Is 4765085939 a composite number?
True
Is 9056348011 a composite number?
False
Is 1112782477 a prime number?
False
Is 1737280585 a composite number?
True
Is 6231192041 a prime number?
True
Is 119420952689 prime?
False
Is 46329006959 a composite number?
False
Is 39387076838 a composite number?
True
Is 397097489 a prime number?
False
Is 32905054033 a composite number?
False
Is 265601939 composite?
False
Is 9422107 a composite number?
False
Is 1216121161 composite?
True
Is 1094320723 a prime number?
True
Is 92642150339 prime?
True
Is 5721352337 composite?
False
Is 4959655219 composite?
True
Is 16099592227 prime?
True
Is 5633118191 prime?
True
Is 62997168653 a prime number?
True
Is 3335898767 composite?
False
Is 23776765681 a prime number?
False
Is 1894067339 a composite number?
False
Is 165469427 a prime number?
False
Is 2363981611 composite?
True
Is 16083486241 composite?
True
Is 65802999083 prime?
True
Is 66390879 a composite number?
True
Is 3079272571 a composite number?
True
Is 142597043 a composite number?
True
Is 1146227081 a composite number?
False
Is 939370931 a composite number?
True
Is 229060721 composite?
False
Is 22457244299 a composite number?
True
Is 3310018307 a prime number?
True
Is 7415458439 a prime number?
True
Is 9976394647 a prime number?
False
Is 230297471 composite?
False
Is 6296320489 a prime number?
False
Is 861468539 prime?
True
Is 2993005231 prime?
True
Is 325512463295 a composite number?
True
Is 10717620961 a prime number?
True
Is 6284965391 a prime number?
True
Is 74077030723 composite?
False
Is 2295330139 composite?
False
Is 429501481621 composite?
False
Is 58083092647 a composite number?
True
Is 23640931453 a prime number?
True
Is 1104872983 prime?
False
Is 11176623899 composite?
True
Is 342211229 prime?
False
Is 9794818333 composite?
False
Is 494811361 a prime number?
False
Is 204673879 a prime number?
True
Is 917706173 prime?
True
Is 521980249 composite?
True
Is 7142493766 composite?
True
Is 6680405261 a prime number?
True
Is 736078559 a composite number?
True
Is 42034412339 prime?
False
Is 1592355689 prime?
True
Is 671072639 composite?
False
Is 129585127 prime?
False
Is 39771068377 a composite number?
False
Is 725502067 a prime number?
True
Is 2678543381 composite?
True
Is 2006210509 prime?
False
Is 415385027 prime?
False
Is 7224956741 prime?
True
Is 409211029 a prime number?
False
Is 2197839493 a prime number?
False
Is 10441043881 composite?
True
Is 691952879 composite?
False
Is 13674967069 composite?
True
Is 246783337 composite?
False
Is 431469361 prime?
True
Is 991797251 prime?
True
Is 7362731423 prime?
True
Is 8940903197 a composite number?
False
Is 1145129437 composite?
True
Is 99808078805 composite?
True
Is 2657530427 a composite number?
True
Is 233889233 a composite number?
False
Is 7764800921 prime?
False
Is 27737939863 prime?
False
Is 41857927393 prime?
False
Is 60086434999 a composite number?
False
Is 2450305219 a composite number?
False
Is 2969943271 a prime number?
True
Is 3651170317 prime?
True
Is 254377741 composite?
False
Is 2488475449 a prime number?
True
Is 180255857 prime?
False
Is 1518131213 prime?
True
Is 11465065133 a prime number?
False
Is 418881563 prime?
False
Is 126117800827 prime?
False
Is 20038544411 a composite number?
True
Is 27004254853 a prime number?
True
Is 106955533 a composite number?
False
Is 17028811087 prime?
True
Is 1661427791 composite?
False
Is 3042124594 prime?
False
Is 14086237531 prime?
True
Is 3500809883 a composite number?
False
Is 49471023071 prime?
True
Is 47285855 composite?
True
Is 99100948489 prime?
False
Is 2361222107 a prime number?
False
Is 4737202069 composite?
True
Is 548269291 prime?
False
Is 42220023947 a composite number?
False
Is 83474189 a prime number?
True
Is 5710354438 a composite number?
True
Is 538720519 a composite number?
False
Is 384961183 composite?
False
Is 53710091707 prime?
True
Is 3520353983 a composite number?
False
Is 13886238515 prime?
False
Is 38393573053 composite?
True
Is 102852147857 a prime number?
True
Is 17344664401 a prime number?
True
Is 25148200118 a prime number?
False
Is 40423615405 a prime number?
False
Is 955870873 a composite number?
False
Is 658534649 a composite number?
True
Is 1294862857 prime?
False
Is 1070783971 composite?
False
Is 23290387 composite?
False
Is 5649142963 prime?
False
Is 9323464567 a composite number?
False
Is 466438177 a prime number?
False
Is 53110859117 composite?
False
Is 6632901031 composite?
True
Is 177683419 composite?
True
Is 12271149713 a prime number?
True
Is 5543985841 prime?
True
Is 593663173 composite